t**2 + 71*t - 11. Give o(-5).
-16
Let f(l) = l**2 + 9*l - 271. Calculate f(-23).
51
Let o(x) = -x**3 + 3*x**2 + 15*x + 5. What is o(-3)?
14
Let f(k) = 4*k + 179. Determine f(-33).
47
Let c(q) = -8*q**2 - 28*q - 175. Calculate c(-7).
-371
Let l(f) = -f**3 + 15*f**2 + 65*f - 930. What is l(15)?
45
Let o(t) = -36*t**3 + 2*t**2 - 6*t + 4. Give o(1).
-36
Let j(l) = -20*l + 757. Calculate j(35).
57
Let h(p) = -248*p**2 - 3*p + 1. What is h(1)?
-250
Let s(b) = b**2 + b - 76. Give s(-9).
-4
Let m(l) = 941*l - 22621. What is m(24)?
-37
Let p(m) = -m**3 - 16*m**2 - 19*m + 7. What is p(-15)?
67
Let g(u) = 35*u**2 + 3814*u - 103. Calculate g(-109).
6
Let t(z) = z**2 + 338*z - 10581. Give t(29).
62
Let h(o) = 25*o**2 - 969*o - 129. Give h(39).
105
Let f(t) = -2*t**2 - 6*t - 14. What is f(-3)?
-14
Let s(p) = p**3 - 3*p**2 - 30*p + 112. Give s(4).
8
Let c(q) = -q**3 - q**2 + 28*q + 38. Calculate c(-5).
-2
Let w(a) = -22*a + 308. Determine w(9).
110
Let l(r) = -4*r**2 - 8*r + 88. Give l(9).
-308
Let y(m) = 2*m**3 - 46*m**2 - m - 5. Give y(23).
-28
Let z(j) = -2*j**3 + j**2 + 27*j + 14. Give z(4).
10
Let x(j) = -336*j + 914. Determine x(3).
-94
Let h(c) = 447*c - 2242. Calculate h(5).
-7
Let j(t) = t**3 + 74*t**2 - 148*t + 320. What is j(-76)?
16
Let m(c) = -c**3 - 2*c**2 + c - 10. Determine m(-3).
-4
Let i(f) = 31*f + 2432. Give i(-79).
-17
Let s(c) = 16*c + 33. Determine s(-9).
-111
Let c(o) = 2*o**2 + 30*o - 27. Give c(-21).
225
Let v(x) = x**3 - 26*x**2 - 195*x - 9. Determine v(-6).
9
Let g(w) = 190*w - 1902. Determine g(10).
-2
Let f(d) = -23*d + 112. Calculate f(4).
20
Let m(z) = z**2 + 23*z + 32. What is m(-4)?
-44
Let n(t) = -2*t**2 - 60*t + 92. Determine n(-31).
30
Let m(k) = -2*k**3 - 5*k**2 + 295*k - 5. Calculate m(0).
-5
Let s(f) = f**3 + 17*f**2 + 46*f - 55. Determine s(-13).
23
Let l(a) = -224*a + 4708. Determine l(21).
4
Let u(a) = -45*a - 2691. What is u(-52)?
-351
Let w(h) = -2*h**3 + 36*h**2 - 131*h + 23. Calculate w(13).
10
Let a(o) = o**3 + 46*o**2 + 106*o - 72. Determine a(-3).
-3
Let w(b) = b**2 - 199*b - 17160. What is w(-65)?
0
Let f(g) = -5*g**2 + 2842*g - 37186. Calculate f(555).
-1
Let r(c) = 419*c - 6705. Calculate r(16).
-1
Let r(s) = s**3 - 5*s**2 - 3*s - 1. Give r(0).
-1
Let u(a) = 2*a + 16. What is u(3)?
22
Let f(l) = -l**2 - 15*l + 38. Give f(10).
-212
Let m(i) = -88*i - 129. Give m(-3).
135
Let l(k) = -k**3 + 7*k**2 - 9*k + 25. Give l(7).
-38
Let p(r) = r**2 - 46*r - 29. Calculate p(48).
67
Let y(x) = -1651*x - 8299. Give y(-5).
-44
Let l(v) = -v**3 + 28*v**2 - 61*v + 234. What is l(26)?
0
Let x(l) = -34*l**2 + 239*l - 15. Determine x(7).
-8
Let g(b) = b**3 + 5*b**2 + 11*b + 55. Determine g(-5).
0
Let h(i) = -3*i**2 - 24*i + 773. What is h(12)?
53
Let k(q) = 122*q + 15704. Give k(-128).
88
Let p(c) = -c**3 + 49*c**2 - 354*c - 204. Determine p(40).
36
Let k(s) = -2*s**3 - 152*s**2 - 4*s - 223. Determine k(-76).
81
Let h(u) = -2*u**3 - 124*u**2 - 7*u - 406. What is h(-62)?
28
Let r(s) = 39*s + 4796. Give r(-127).
-157
Let f(t) = -2*t**2 + 85*t + 1254. Give f(54).
12
Let o(i) = -2*i**2 + 25*i + 241. Give o(25).
-384
Let l(u) = -u**3 + 13*u**2 - 27*u - 17. Determine l(4).
19
Let j(v) = 364*v - 1820. Give j(5).
0
Let k(d) = 4*d + 131. Give k(-7).
103
Let h(q) = q**3 - 16*q**2 + 38*q + 217. Give h(10).
-3
Let o(m) = 32*m - 723. Calculate o(22).
-19
Let t(q) = 49*q - 4873. Give t(101).
76
Let i(d) = -3*d**2 - 172*d - 221. Determine i(-56).
3
Let d(j) = -4*j**3 - j**2 + 12*j - 4. What is d(-3)?
59
Let r(j) = -14440*j + 389878. Calculate r(27).
-2
Let t(q) = 64*q - 1975. Calculate t(31).
9
Let l(q) = 6*q**3 - 9*q**2 + q - 293. Calculate l(0).
-293
Let i(n) = -14*n**2 + 984*n - 351. What is i(70)?
-71
Let p(j) = 10*j**3 + 2*j**2 + 59*j - 61. Calculate p(1).
10
Let w(h) = -14*h + 657. Calculate w(53).
-85
Let j(c) = 12*c**2 - 24*c - 3. Determine j(2).
-3
Let t(a) = -2*a**2 + 106*a + 372. Calculate t(56).
36
Let x(v) = v**3 - 46*v**2 + 84*v + 202. Determine x(44).
26
Let w(m) = -26*m + 1468. Determine w(58).
-40
Let q(f) = -f**3 - 27*f**2 - 79*f - 185. Determine q(-24).
-17
Let i(u) = 345*u + 12749. Calculate i(-37).
-16
Let r(y) = -y**3 - 97*y**2 - 946*y. Determine r(-11).
0
Let b(x) = 22*x**3 + x**2 - 5*x - 5. Calculate b(-1).
-21
Let u(q) = 2886*q - 14466. What is u(5)?
-36
Let n(z) = -z**3 + 25*z**2 - 42*z - 506. Determine n(22).
22
Let t(i) = -73*i + 520. Determine t(7).
9
Let a(m) = 1428*m - 9932. Determine a(7).
64
Let c(s) = -2*s - 244. What is c(-40)?
-164
Let b(u) = u**2 + 162*u - 82. Calculate b(0).
-82
Let q(h) = 73*h - 610. Determine q(8).
-26
Let n(a) = 17*a - 116. Give n(8).
20
Let a(k) = 3*k**2 - 48*k - 130. Calculate a(18).
-22
Let k(u) = -u**3 - 45*u**2 + u - 190. Give k(-45).
-235
Let a(l) = 5*l**2 - 31*l - 13. Calculate a(7).
15
Let n(k) = -2726*k - 27272. Determine n(-10).
-12
Let p(j) = -21*j**2 + 5*j + 56. Determine p(0).
56
Let y(v) = -11*v**3 + 56*v**2 + 1370*v + 21. What is y(14)?
-7
Let z(c) = -c**3 - 9*c**2 + 34*c - 25. Calculate z(-12).
-1
Let d(h) = -42*h + 878. What is d(21)?
-4
Let b(q) = 7*q**3 + q**2 + 21*q - 19. Give b(1).
10
Let i(n) = 2*n**2 - 57*n - 439. Give i(35).
16
Let i(s) = -2*s**3 + 20*s**2 - 29*s. What is i(8)?
24
Let q(h) = -4*h**3 + 5*h**2 - 15*h - 3. Calculate q(3).
-111
Let l(t) = -5*t**2 + 75*t - 32. Determine l(16).
-112
Let c(q) = 39*q**2 - 10*q + 6. Calculate c(1).
35
Let s(d) = -2*d**3 - 93*d**2 + 348*d - 95. What is s(-50)?
5
Let u(t) = -4*t**3 - 11*t**2 - 8*t - 14. Give u(-4).
98
Let d(c) = -6*c - 45. Determine d(-6).
-9
Let k(h) = -h**3 - 125*h**2 + 100*h - 3289. Calculate k(-126).
-13
Let w(q) = -q**2 - 289*q - 3591. What is w(-13)?
-3
Let y(k) = -11*k**3 + 30*k**2 - 22*k + 71. Calculate y(3).
-22
Let o(g) = 32*g - 120. Determine o(4).
8
Let l(t) = -3*t**3 + 8*t**2 - 11*t + 47. Give l(5).
-183
Let p(y) = -y**3 + 17*y**2 - 50*y - 46. Determine p(13).
-20
Let k(u) = u**3 - 39*u**2 - 82*u + 107. Give k(41).
107
Let x(b) = 3*b**2 - 119*b - 193. What is x(39)?
-271
Let x(b) = 4*b**2 - 66*b - 530. What is x(23)?
68
Let u(g) = 55*g + 690. Determine u(-13).
-25
Let y(j) = j**3 - 86*j**2 - 83*j - 754. What is y(87)?
-406
Let n(v) = 24*v**2 - 161*v - 12. Determine n(7).
37
Let a(m) = -m**2 - 29*m - 35. Give a(-18).
163
Let z(c) = 4*c**3 + c**2 - 20*c + 29. Calculate z(2).
25
Let r(o) = -o**2 - 62*o - 574. Determine r(-11).
-13
Let j(c) = -5*c**2 - 185*c - 9. Calculate j(-37).
-9
Let w(v) = -25*v + 422. Determine w(18).
-28
Let y(i) = 297*i - 204. Determine y(1).
93
Let b(y) = 4*y**2 + 88*y - 674. What is b(-28)?
-2
Let d(w) = 80*w - 450. Give d(-5).
-850
Let h(g) = -g**3 - 11*g**2 - 7*g + 28. Calculate h(-10).
-2
Let a(g) = -g**3 + 31*g**2 + g - 82. Determine a(31).
-51
Let s(q) = -7508*q - 45050. Determine s(-6).
-2
Let m(a) = 24*a - 40. Give m(-9).
-256
Let q(j) = -2787*j - 2775. Determine q(-1).
12
Let f(t) = -272*t**2 - 1. Give f(1).
-273
Let i(f) = 41*f + 1494. What is i(-36)?
18
Let s(m) = -43*m - 452. What is s(-10)?
-22
Let c(k) = -4*k - 199. Calculate c(-39).
-43
Let g(z) = -22*z**2 + 58*z + 940. Calculate g(8).
-4
Let i(t) = t - 42. What is i(-3)?
-45
Let z(h) = 2*h + 3. What is z(-15)?
-27
Let g(c) = 144*c**3 - 722*c**2 + 6*c + 18. Give g(5).
-2
Let n(p) = -3*p**3 - 74*p**2 + 26*p + 21. Calculate n(-25).
-4
Let c(o) = o**2 + 131*o - 1115. Give c(8).
-3
Let i(k) = -2*k**2 - 31*k - 474. Calculate i(-16).
-490
Let o(d) = -2*d**2 + 173*d - 97. What is o(86)?
-11
Let b(q) = -24*q - 139. What is b(-10)?
101
Let v(r) = -32*r**2 - 173*r + 378. Give v(-7).
21
Let h(u) = 36*u**2 - 24*u - 45. Calculate h(-2).
147
Let j(x) = x**3 + 9*x**2 + 7*x - 14. Give j(-6).
52
Let x(b) = -3*b**3 + 13*b**2 + 17*b + 15. Calculate x(6).
-63
Let v(f) = 60*f + 5975. What is v(-99)?
35
Let o(v) = -430*v - 2149. What is o(-5)?
1
Let y(m) = -575*m + 17263. Calculate y(30).
13
Let o(p) = -p**2 + 27*p - 143. What is o(23)?
-51
Let w(t) = 2*t**3 - 129*t**2 + 684*t + 108. Determine w(6).
0
Let y(f) = -155*f - 189. What is y(-4)?
431
Let t(i) = -157*i + 2841. Determine t(18).
15
Let h(t) = -t**2 + 1103*t - 4400. Calculate h(4).
-4
Let x(i) = -3*i**3 - 7*i - 31. Give x(-3).
71
Let w(n) = 1194*n - 245957. Calculate w(206).
7
Let j(h) = 2*h**3 - 233*h**2 + 571*h + 15. Calculate j(114).
129
Let x(w) = -10*w**2 - 23